ose l = -3*t - 8. Let z be n(t). Determine p(z).
-6
Let z(u) = u + 11. Suppose -12*s + 0*s = s. Calculate z(s).
11
Let q(f) be the first derivative of f**2 + 2*f - 11. Give q(-5).
-8
Suppose i + 5 = 2*i. Suppose i*a + 5 + 15 = 0. Let s(f) = -f**2 - 4*f - 3. Calculate s(a).
-3
Let z(n) = -n**2 - 8*n + 1. Let c be z(-8). Let f(s) = -c - 5*s + 2 - s**2 + 0*s + 6. Calculate f(-5).
7
Suppose 14 = -6*d + 26. Let m = 1 + 2. Let y(v) = m - 2*v - v**2 + 0 - d*v. Calculate y(-4).
3
Let y(q) = q**2 - 3*q + 2. Suppose -4*p - 4 = 5*u, 3*p + 2*u - 24 = 5*u. What is y(p)?
6
Let n be (-26)/(-12) + (-1)/6. Suppose n*a + a = 9. Let j(u) be the first derivative of -u**3/3 + u**2 - 3*u + 1. Determine j(a).
-6
Let h(o) = -2*o - 8. Let v be h(-8). Suppose -3*a = -v*a. Let y(f) = 4*f - 6*f + 4 + 5 + 3*f. Calculate y(a).
9
Let f(t) be the second derivative of -t**4/12 - t**3/3 + t**2 - 5*t. Calculate f(-6).
-22
Let b(x) = x**2 - x - 5. Suppose 2*r + 4 = 4*q, 5*q = -0*q + 4*r + 2. Suppose -q*a = -4*a. Let y be -1 + a - (-1 + 0). What is b(y)?
-5
Let u(d) = -3*d**2 + 9*d - 13. Let f(y) = -2*y**2 + 4*y - 6. Let l(k) = 5*f(k) - 3*u(k). Let c be l(-8). Let a(o) = o**3 - 2*o**2 + 2*o - 1. Calculate a(c).
0
Suppose 5*p + 1 = 3*y, 0 = 2*y - 3*p - 1. Let b(o) = o**2 - 1. Let u(i) = -6*i**2 - i - 3. Let t(k) = y*b(k) - u(k). Calculate t(-1).
8
Let w = 5 + -2. Suppose 0 = w*b + b. Let f be (-1 - (-6 - b))*-1. Let o(y) = 2*y + 5. Determine o(f).
-5
Let z(u) = 3 + 10*u + 4 - u**2 - 4*u. Calculate z(6).
7
Suppose 6 - 11 = -h. Suppose h*u = u + 20. Let n(a) = -2*a + 2. Give n(u).
-8
Let f be 0/(0 + 3) + 3. Let g(c) = 2*c - 2. Let i be g(f). Suppose -3*o = -2*p + 17, -3*o = o - i*p + 24. Let u(r) = -r - 10. Give u(o).
-5
Let c(s) = -218*s**2 - 2*s + 1. Let f be c(1). Let i be f/(-15) - (-6)/(-10). Suppose 0 = 3*m + 1 + i. Let n(p) = -p**2 - 7*p - 6. Determine n(m).
4
Let i(c) = 10*c**3 + 16*c**3 - 1 + 9*c**3 + 2*c - 34*c**3 + 6*c**2. What is i(-2)?
11
Let r(f) = 2*f - 5. Let y be (3 - -1) + -8 + (-4)/2. Calculate r(y).
-17
Suppose -125 = -3*x + 5*d, 0*d = -x + d + 41. Let a be x/18 - (-6)/(-27). Suppose -5 = a*i - 3. Let p(u) = -u**2 - 2*u - 1. Determine p(i).
0
Let s(q) = q + 7. Let j be s(-5). Let m(a) = -8*a. What is m(j)?
-16
Suppose -d + 0 + 4 = 0. Suppose 3*q - 6 = 2*i, d*i + 12 = -0*q + 4*q. Let l(k) = -k**2 + k - 4. Give l(q).
-4
Let f(l) = l**3 - 4*l**2 - 5*l + 1. Let o(t) = -2*t - 11. Let h be o(-14). Let k = h + -12. Determine f(k).
1
Let x = 63 - 65. Let b(l) = 3*l**3 + 2*l**2 + 4*l + 2. What is b(x)?
-22
Let n(u) = -u + 2. Suppose 3*a + 7 = -3*d - 2, -5*d + 4*a = -30. Give n(d).
0
Let z be 0/(1 + 1 - 3). Let j = 12 + -9. Suppose z*q - j*q + 3 = 0. Let k(l) = 5*l**2 + l. What is k(q)?
6
Let g(v) be the third derivative of -7*v**6/120 - v**4/6 + v**3/2 - 3*v**2. Let w(a) = -6*a**3 - 5*a + 4. Let i(u) = -4*g(u) + 3*w(u). Calculate i(1).
11
Suppose -2 = b - t - 0*t, -3*t + 6 = -2*b. Let i(q) = -q**3 - q**2 - q + 9. What is i(b)?
9
Let p(s) = s**2 + 5*s + 4. Suppose 2*j - 3*r = -11, 0 = -2*j - 5*r + 13. Let v = j + -2. What is p(v)?
-2
Let z(i) be the third derivative of i**5/60 + i**4/12 - i**3/6 - 31*i**2. What is z(1)?
2
Let q(z) = z**3 + 5*z**2 + z + 6. Let l = 13 + -18. Determine q(l).
1
Let h(c) = c - 11. Suppose 4*d = 2*b, -3*b + 4*b + 3*d - 15 = 0. Give h(b).
-5
Suppose 2*l + l - h - 29 = 0, -15 = 3*h. Let r(v) = -6*v**2 + l - v**3 - 5*v + 0 - 2. Suppose 20 = -10*u + 6*u. What is r(u)?
6
Let n(k) = 2*k**2 - 1. Let a(s) = -s**2 + 6*s - 10. Let h be a(4). Calculate n(h).
7
Let b(o) = -o**3 + 3*o**2 + o - 2. Suppose 2*v = 4*h + 2 - 4, 2*h + 2*v - 10 = 0. Let d be b(h). Let u(f) = -d*f**2 + 1 + f + f + 3*f**2. What is u(-1)?
-2
Let v = -19 + 13. Let p(n) = n**2 + 6*n. Determine p(v).
0
Let v(i) be the third derivative of -1/12*i**4 + 0*i + 1/3*i**3 + 0 + i**2. Calculate v(2).
-2
Let q(o) = 2*o**2 + 6*o - 6. Let c(g) = -g**2 + g + 1. Let u(v) = -c(v) - q(v). Calculate u(-8).
-3
Let a(c) = -c**2 - c + 1. Let k(g) = 3*g**2 - 4. Let p(m) = -2*a(m) - k(m). What is p(2)?
2
Let q(j) = j**3 + j**2 - 4*j - 3. Let w(u) = -4 + 0 + u**2 + 2*u**3 + 3. Let y be w(1). Let o be (((-12)/y)/(-3))/(-1). Determine q(o).
1
Let i = 0 + 1. Let a = 5 - i. Let t(m) = -m**2 - 2*m + 1. Let w(f) = -3*f**2 - 3*f + 1. Let k(h) = 5*t(h) - 2*w(h). Calculate k(a).
3
Let r(k) = k**3 + 9*k**2 + 7*k - 4. Let c = -9 - -1. Calculate r(c).
4
Let d(y) = -11*y**2 + 2*y - 3. Let h(j) = 16*j**2 - 3*j + 4. Let l(p) = -7*d(p) - 5*h(p). Calculate l(-1).
-3
Let c(x) = -x + 2. Let k = -102 - -97. Calculate c(k).
7
Let g(u) be the third derivative of 1/120*u**6 - u**2 + 1/30*u**5 + 1/8*u**4 + 1/3*u**3 + 0 + 0*u. Let z(r) = -2*r**2 + 15*r + 6. Let b be z(8). Determine g(b).
-4
Let x(l) = -l**2 + 2*l + 0*l - 3 + 3*l. Let z be x(3). Suppose z*r + 1 = 4*c, -2*r + 0*c + 2 = -2*c. Let y(b) = -b**3 + 4*b**2 + 3*b + 7. What is y(r)?
-3
Let y(a) = -11 + 0*a**2 + a**2 - 13 + 27 + 9*a. What is y(-8)?
-5
Let y(t) = -2*t**3 + 7*t**2 - 6*t + 2. Let s be y(4). Let k be (-2)/(-8) + s/(-8). Let w(c) = c**2 - 4*c + 7. What is w(k)?
12
Let i(u) = u**3 - 3*u**2 - 6*u + 3. Suppose -2*s - s = -5*y - 32, 0 = 3*s + 4*y + 4. Give i(s).
-5
Let p(x) = x**3 + x**2 + x + 12. Let z(b) = 2*b**3 + 2*b**2 + 2*b + 23. Let n(g) = -7*p(g) + 4*z(g). Determine n(0).
8
Let z(j) = -5*j**3 - 9*j**3 + 3 - 13*j**2 + 9*j**3 + 7*j. Let y(l) = 6*l**3 + 14*l**2 - 7*l - 4. Let c(x) = -6*y(x) - 7*z(x). Determine c(6).
-3
Let n(g) be the third derivative of 0 + 0*g - 1/12*g**5 + 4/3*g**3 - 1/3*g**4 + 1/120*g**6 + 4*g**2. Give n(6).
-4
Let l(a) = 4. Let t(s) = s - 7. Let i(b) = -5*l(b) - 3*t(b). Let v(w) = w. Let d = 13 + -18. Let n(f) = d*v(f) - 2*i(f). Give n(4).
2
Let n(q) be the second derivative of -q**4/12 - q**3/3 - 2*q**2 - 7*q. Give n(-3).
-7
Let b = -5 - -11. Let v(l) = -2*l + 2. Suppose 3*j - 20 = -j. Let p(s) = -2*s + 3. Let a(h) = j*v(h) - 6*p(h). What is a(b)?
4
Let h(x) = 9 - x**3 + 183*x - 93*x - 92*x + 7*x**2. Determine h(7).
-5
Suppose g + 3*g + 12 = a, 0 = -a. Let l = g - -5. Let i(h) = 3*h + 1. What is i(l)?
7
Let r(g) be the third derivative of -g**4/12 + 12*g**2. Give r(-2).
4
Let b(v) = 3 + 0 - 2*v + 3*v. Let x be 9 + (-4 - (2 - 6)). Suppose x = 5*g + 34. Determine b(g).
-2
Let f(z) = z**3 - 4*z**2 + 4*z - 1. Let a be (-7)/(-4) + (-1)/(-4). Suppose -4*m + 2*x - 4*x = -8, -8 = a*x. Calculate f(m).
15
Let o(g) = -2*g**3 + 2*g**2 + 4*g - 2. Let f(l) = 3*l**3 - l**2 - 5*l + 3. Let d(z) = -3*f(z) - 4*o(z). Give d(-5).
4
Let l be 0/(((-4)/(-2))/(-2)). Let x(n) = -n**3 - n**2 - n + 1. Let p be x(l). Let z(q) = p - 4 + 3 + 2*q. Give z(2).
4
Let a(j) be the second derivative of j**6/120 + j**5/12 - 3*j**4/8 - 4*j**3/3 + 2*j**2 - j. Let q(s) be the first derivative of a(s). Give q(-6).
10
Suppose 4*w = 2*w. Suppose -5*q - f - 5 = w, 3*q - 4*f + 20 = -8*f. Let r(o) be the first derivative of o**3/3 - o**2/2 - 5*o + 2. Determine r(q).
-5
Let c(y) = y**3 + 4*y**2 + 4*y + 5. Let v = -4 + 0. Calculate c(v).
-11
Let g(m) = -m**2 + 1. Let r = 90 + -90. Give g(r).
1
Let u(d) = d**3 - 10*d**2 + 2*d + 4. Let w(x) = -x**2 + x. Let t(h) = u(h) - 5*w(h). What is t(5)?
-11
Let s be -2 - 2*(-2)/(-4). Let v(x) = 9*x + 2. Let r(q) = 17*q + 4. Let z(l) = -6*r(l) + 11*v(l). What is z(s)?
7
Let m = -6 + 6. Let l = -1 - m. Let v(t) = -10*t**3 - 3*t - 1. Let x(c) = -29*c**3 - 8*c - 3. Let s(w) = -8*v(w) + 3*x(w). Calculate s(l).
6
Let z(m) = 3*m**3 + 3*m**2 - 5*m - 3. Let d(l) = -2*l**3 - 3*l**2 + 4*l + 2. Let i(s) = -4*d(s) - 3*z(s). What is i(2)?
3
Let t(o) = 2*o - 3. Let f(w) = -3*w + 4. Let k be 17/(-5) - (-8)/20. Let z(m) = k*f(m) - 4*t(m). What is z(6)?
6
Let q(j) be the second derivative of -j**5/20 + j**4/6 + 5*j**3/6 - 2*j**2 - 3*j. Let a be (-2 - (1 - 6))/(-1). Let r = 0 - a. Determine q(r).
2
Let o(q) = -3*q**2 - q. Let w(s) = s**3 - 7*s**2 - 8*s + 7. Let m(f) = f**2 - 6*f + 8. Let d be m(6). Let k be w(d). Suppose -4 = k*p - 3*p. What is o(p)?
-2
Let i(q) = -q**3 + q**2 - q + 1. Let m(l) = 3*l**3 + 3*l**2 + 7*l + 2. Let g be 3/(-18) - 39/(-18). Let c(w) = g*i(w) + m(w). Give c(-4).
0
Let w(c) = -c**3 + 8*c**2 + 10*c - 8. Let r be w(9). Let q(x) = 16*x**3 - 7*x + 9. Let i(t) = 8*t**3 - 3*t + 4. Let k(u) = -9*i(u) + 4*q(u). What is k(r)?
-9
Let b(p) = 2 - 6 - p +